 3*n + 20 = -3*c - n, -4*c = q*n + 40. What are the prime factors of (-11)/(-3)*(-9 - c)?
11
Let w(g) = g**2 - 6*g - 3. Let q be w(3). Let k be ((-90)/q)/(2/36). Suppose k = p + 4*p. List the prime factors of p.
3
Let u = 13 - 8. Suppose 2 = 6*q - u*q. Let z = q + 0. List the prime factors of z.
2
Let y = -4 + -28. List the prime factors of (y/30*3)/((-8)/100).
2, 5
Let g = 3380 + -2344. List the prime factors of g.
2, 7, 37
Let t = 544 + 853. What are the prime factors of t?
11, 127
Suppose y + l + l = 12, -2*l = 4*y - 66. Let m = y - 8. What are the prime factors of (-6 - -1)*(-4)/m?
2
Let s(x) = 5*x - 2*x + 7*x + 2 + 2. Let m be s(6). Suppose -3*p - 2*v + 3 = -m, 22 = p + v. List the prime factors of p.
23
Let i = -77 + 402. List the prime factors of i.
5, 13
Suppose -17 = 3*u - 7*u - n, u - 4*n = 17. Let f(b) = 63*b - 26. List the prime factors of f(u).
17
Let t be 2 - 0 - (-3 + 5). Suppose t*s - 27 = -3*s. List the prime factors of s.
3
Suppose 0 = t - 2*u + 16, -2*t = 3*t - 3*u + 66. Let j = 12 + t. Let n = 16 - j. What are the prime factors of n?
2
Let t(y) = -3*y**3 + 3*y**2 + 2*y. Let m be t(-1). Suppose 4*r = m*w - 372, w + 5*r - 417 = -3*w. What are the prime factors of w?
2, 7
Let q = 27 - 21. Suppose -q*l = -7 - 23. What are the prime factors of 227/l - (-4)/(-10)?
3, 5
Suppose -h + m - 5 + 13 = 0, 3*h + 5*m = -8. Suppose -4*b + 3*s = -90, -h*b - 4*s = -2*b - 56. List the prime factors of b.
2, 3
Let r = 3 + 0. Suppose r = -2*h + 7. Suppose 3*f = h*f + 27. What are the prime factors of f?
3
Suppose -29*j = -42464 - 26295. What are the prime factors of j?
2371
Let g(m) = -m + 71. Let x be g(0). Suppose -423 = -4*i - x. List the prime factors of i.
2, 11
Let q be ((-2352)/(-9) - -2)/(4/6). Suppose -4*i + q = 5*u, 0*u - 79 = -u + i. List the prime factors of u.
79
Let w(h) = h**3 + 25*h**2 + 4*h - 17. List the prime factors of w(-22).
3, 449
Let h = -15 - -41. Suppose -j - 24 = 5*u, -5*j + h = -5*u - 4. What are the prime factors of ((-2)/4)/(j/(-26))?
13
Let u = 61 + 119. Suppose 6*c + 3*w - 378 = 2*c, -3*w = -2*c + u. List the prime factors of c.
3, 31
Let y(a) = -a + 2. Let w be y(6). List the prime factors of (-1 + w)/(2/(-12)).
2, 3, 5
Let o be 1/(-12)*2 - (-31)/6. Suppose 5*u - 495 = 4*q, -2*u - 105 = -3*u + 2*q. Suppose -5*b + 0*b = o*d - u, 65 = 5*b - d. What are the prime factors of b?
2, 7
Suppose -2*x - 4*f = -814, 2035 = -3*x + 8*x + 2*f. List the prime factors of x.
11, 37
Let i(r) = -r**3 - 20*r**2 - 89*r - 34. List the prime factors of i(-16).
2, 3, 61
Let j = 12 - 8. Suppose 7*w - 132 = j*w. What are the prime factors of w?
2, 11
What are the prime factors of 166/(140/(-36) - -4)?
2, 3, 83
Suppose 7*z - 8*z + 3 = 0. Suppose z*s - 912 = 3*c - 0*c, 2*s - c = 610. List the prime factors of s.
2, 3, 17
Let k = 17 - 15. Suppose -k*u - 8 = -24. Suppose u*w - 50 = 3*w. What are the prime factors of w?
2, 5
Let c = 30 + -17. Let v = -20 + c. List the prime factors of (3 - -32)*(-2)/v.
2, 5
Suppose 12*c + 12 = 8*c. Let s be 8 + 3 + 1 + c. Let h = s - 1. List the prime factors of h.
2
Let h be 6/4*16/3. Suppose y + y - h = 0. Suppose -5*n + 131 = 3*v - 7*v, 2*n + y*v = 58. What are the prime factors of n?
3
Let g be -1*2/((-8)/28). Suppose g*w - 300 = 4*w. List the prime factors of w.
2, 5
Let q be (-9 - -1)/(5 + -6). Let o be (-6)/(-8)*q/3. Suppose 0*i - 4*i = -o*m + 46, 3 = -3*i. List the prime factors of m.
3, 7
Suppose 0 = -5*d + 5*n + 10210, -181*n + 184*n - 6 = 0. What are the prime factors of d?
2, 7, 73
Suppose -5*f = -2*f - 3. Let j be 33/(-22)*f*-2. Suppose -2*o + j - 31 = -l, -l = 4*o - 40. List the prime factors of l.
2
Suppose 1230 + 706 = 8*o. List the prime factors of o.
2, 11
Let a(p) = -p**3 - 15*p**2 + 18*p + 11. Let o = -22 - -6. Let s be a(o). Let q = 56 + s. List the prime factors of q.
5, 7
Let l be -7*(-4)/14*1. Let f be (-15)/21 - l/7. What are the prime factors of 29 - f/(2/(-4))?
3
List the prime factors of (-4)/20 - 119106/(-30) - -6.
2, 7, 71
Suppose 4*p + 0*p = 0. Suppose p = l - 3*z - 7, -3*l = -7*l - 3*z + 28. Suppose 0 = 2*d + l - 107. List the prime factors of d.
2, 5
Suppose -2*a - 18 = -5*a. Suppose -1575 = -a*i - 15*i. List the prime factors of i.
3, 5
Let p = 1 - -2. Suppose -p*b + 29 = 8. Let u = 23 - b. List the prime factors of u.
2
Suppose 0 = -6*g + 7461 + 6477. List the prime factors of g.
23, 101
Let g(o) = -o - 6 - 2 + 0*o. Let h be g(-10). Suppose 5*v = -c + 4*c + 94, 3*v - 45 = -h*c. What are the prime factors of v?
17
Let m be 4/(-6)*(-3)/(-2). Let d be 85/m*4/(-5). Suppose -3*q + 1 = -d. What are the prime factors of q?
23
Let z = -232 + 244. List the prime factors of z.
2, 3
Let z = 548 - 235. List the prime factors of z.
313
List the prime factors of ((-143)/3)/((-33)/792).
2, 11, 13
Suppose -605 = -3*v + 466. List the prime factors of v.
3, 7, 17
Suppose -3*i - 4*g = 91 - 855, -5*i + g + 1258 = 0. What are the prime factors of i?
2, 3, 7
Suppose 5*r - 25 = -u + 2*u, 5*r - 10 = -2*u. Let y = u - -3. Let t = y + 9. List the prime factors of t.
7
Let g(u) = -38*u - 217. What are the prime factors of g(-18)?
467
Suppose 142 + 26 = 4*a + 4*s, s = 2*a - 99. Suppose 148 = 5*j - a. What are the prime factors of j?
3, 13
Let x(p) = p**3 + 8*p**2 - 3*p - 6. Suppose 3*n + 5 = 4*n, 4*g + 17 = -3*n. List the prime factors of x(g).
2, 3
Suppose 4*d = 3*n + 4070 + 1201, d + 2*n - 1304 = 0. What are the prime factors of d?
2, 3, 73
Let k = -165 - -244. Suppose -3*a = -149 - k. What are the prime factors of a?
2, 19
Let q = -95 + 591. What are the prime factors of q?
2, 31
Suppose 3*o = -4*x + 16 - 2, 3*x - 12 = -3*o. Suppose -x*z = -3*z + 12. List the prime factors of z.
2, 3
Suppose 0 = 2*n + 2*s - 8 - 8, 12 = n + 3*s. Let i be n/(-6)*0/2. Suppose i = u - 36. What are the prime factors of u?
2, 3
Let a = -369 + 687. List the prime factors of a.
2, 3, 53
Suppose -y - 3776 = -6*y + 4*c, 3 = 3*c. Suppose -13*s + 4*s = -y. What are the prime factors of s?
2, 3, 7
Let s(n) = -81*n**2 + 18*n + 41. Let q(i) = 40*i**2 - 9*i - 20. Let p(l) = 13*q(l) + 6*s(l). What are the prime factors of p(-2)?
2, 5, 7
Suppose 21*f = -84*f + 17955. What are the prime factors of f?
3, 19
Let y(h) = -h**2 + h + 7. Let r be y(0). Let z = 72 - 67. Suppose 4*o + z*u = 284, 2*u - r*u = -2*o + 172. What are the prime factors of o?
2, 19
Suppose -135*d + 127*d + 4944 = 0. List the prime factors of d.
2, 3, 103
Suppose v + 0*v - 152 = 0. Let p = v - 25. What are the prime factors of p?
127
Let c(k) = 11*k**2 + 1. Let y be c(1). Suppose y = b - 41. Suppose 5*n = -4*z + b, 4*n - 9 = 11. What are the prime factors of z?
7
Let f(g) = -3 + g + 10*g + 19. Let d be (366/48 + -7)*8. List the prime factors of f(d).
71
Let j(m) = -130*m + 10. Let p be j(-3). Suppose -544 = -4*g - 0*g - 4*z, -3*g + z + p = 0. What are the prime factors of g?
2, 67
Suppose f = -5*g + 7750, -4*g + 1426 + 4750 = -4*f. What are the prime factors of g?
1549
Suppose 44*o - 6*o = 48678. What are the prime factors of o?
3, 7, 61
Suppose 0 = -c + 24 - 3. Suppose 18*u + 6 = -2*j + 15*u, 2*j + 5*u = -10. List the prime factors of (c/6 - j)*6.
3, 7
Let b(a) = -12*a - 3. Suppose -5*o - d = -6*d + 5, d - 2 = 0. Let w be (2/(-4) + o)*-4. What are the prime factors of b(w)?
3, 7
Suppose -5*d + 8083 = -1627. List the prime factors of d.
2, 971
Let f(k) = -k**3 - 6*k**2 - k + 3. Suppose -34 = 5*q - a + 2*a, -4*q + 4*a - 8 = 0. Let w be f(q). Suppose 297 = w*g - 306. What are the prime factors of g?
67
Suppose -3*c = -2*c - 6. Suppose -3*q + 3*a - c*a = -210, -3*q - 2*a = -209. Suppose 225 = 3*o + q. What are the prime factors of o?
2, 13
Suppose -705 = -5*b + 4*f - 128, -2*b - 2*f = -238. List the prime factors of b.
3, 13
Suppose -4*b + 345 = 93. Let x = b - -132. List the prime factors of x.
3, 5, 13
Suppose -154*z = -149*z - 4050. What are the prime factors of z?
2, 3, 5
Let t(l) = -l**3 + 22*l + 57. List the prime factors of t(-11).
2, 3, 191
List the prime factors of 3 + (2*300)/2.
3, 101
Let c(b) = 10*b - 36*b + 1 - 9*b + 19. What are the prime factors of c(-4)?
2, 5
Let s(k) = 5*k**3 - 45*k**2 + 52*k + 45. Let q(d) = -3*d**3 + 30*d**2 - 35*d - 30. Let i(b) = 8*q(b) + 5*s(b). List the prime factors of i(-16).
7
Let i = 44 - 19. List the prime factors of i/3 -